(-5508)). What is the highest common divisor of o and 27?
27
Let t(y) = -5*y**3 - y**2 + 2*y + 2. Let j be t(-1). Suppose -192 = -6*r + j*r. What is the highest common factor of r and 12?
12
Let x(t) = -2*t + t**2 + 12*t - 16 + 8. Let d be x(-16). Suppose -6 = 4*n - 50. Calculate the greatest common factor of n and d.
11
Suppose 0 = -0*m - 5*m + 15. Suppose -7 = -m*n - l, n - 2*l + 4 = -3*n. What is the greatest common factor of 3 and n?
1
Let b be 1/(-2)*8 - -7. Let c be 3 - (-4 + b - -1). Suppose -5*a = -g - 17, -5*g - 6*a + 55 = -c*a. Calculate the highest common factor of 16 and g.
8
Let s = -555 - -819. What is the highest common divisor of 48 and s?
24
Let q(p) = -5*p - 111. Let j be q(-29). Calculate the highest common factor of 102 and j.
34
Let c = -2510 - -2627. What is the highest common factor of 1209 and c?
39
Suppose 8*i - 448 = -20*i. Calculate the greatest common divisor of 416 and i.
16
Suppose -1139 = -10*k - 389. Suppose -98*d - 60 = -102*d. What is the highest common factor of d and k?
15
Let s be ((-6)/4)/((-22)/4928). What is the greatest common factor of s and 420?
84
Suppose 2*l = 3*l + 28. Let y = l + 44. What is the greatest common factor of y and 144?
16
Suppose 5*j = -2*z + 13, 8*z - 3*z + 3*j = 61. Let d(v) = 6*v**3 - 3*v**2 - 2*v - 3. Let h be d(3). What is the highest common factor of h and z?
14
Let y = -3 - -3. Let a be (-2 - y)*5/(-2). Calculate the highest common divisor of a and 1.
1
Suppose 0 = -2*g + 6, -7*g + 2*g = 3*l - 12. Let u be l/4 + (-750)/(-24). What is the greatest common divisor of u and 341?
31
Suppose -3*q - 18 - 22 = 4*n, 0 = 5*q - 5*n + 20. Let b be (-2)/4 + (-84)/q. Suppose 0 = -l + 109 - b. What is the highest common factor of 11 and l?
11
Let w = -202 + 222. Calculate the greatest common divisor of w and 40.
20
Let d = 624 + -607. What is the highest common factor of 289 and d?
17
Suppose 0 = 5*x - 2*x + 27. Let m = 141 + x. What is the highest common divisor of 22 and m?
22
Let t = -7 - -5. Let o be 2 + 11*(-2 + (t - -5)). What is the highest common divisor of o and 1?
1
Let i(n) = 12*n + 68. Let k be i(3). Calculate the greatest common divisor of 156 and k.
52
Let b = 27 - 25. Let m be (-1 - (-2 + b))*-3. Suppose m*n + 188 = a - n, -12 = 4*n. What is the highest common divisor of 16 and a?
16
Suppose 2*u - 114 = -3*u - 3*v, 5*v + 48 = 3*u. Suppose 29*l + 52*l + 5*l - 5418 = 0. Calculate the greatest common factor of l and u.
21
Let i(c) = -12*c + 69. Let j be i(0). What is the greatest common factor of j and 115?
23
Let s = 626 - 444. Calculate the greatest common factor of s and 26.
26
Suppose -151 + 31 = -3*v. Suppose -7*r + 91 + 49 = 0. What is the greatest common factor of r and v?
20
Let x be ((-10)/3)/(88/(-33))*924. Calculate the greatest common factor of 70 and x.
35
Let y = -1803 + 1808. Calculate the greatest common divisor of 405 and y.
5
Let b be 342*((-39)/(-6) + -6). What is the highest common divisor of 9 and b?
9
Let n(r) = r**2 + 20*r + 22. Let b = 47 + -66. Let u be n(b). Let a be 78/30 + u/(-5). What is the highest common factor of a and 2?
2
Suppose -2*h - 2*h + 24 = 0. Suppose -2*g + 339 + 21 = 0. Suppose 0*k = 3*k - p - 129, 0 = 4*k - 4*p - g. Calculate the highest common factor of h and k.
6
Suppose -4 = 4*j - h - 22, 5*h = -10. Suppose -5*r - 3*o + 30 = 0, 4*r + 8*o - 32 = j*o. Calculate the highest common factor of r and 12.
3
Suppose 760 = g - 9*g. Let m = 139 + g. What is the highest common factor of m and 110?
22
Suppose -4 = -18*q + 20*q. Let t be 7 + (3*-2 - q). What is the greatest common factor of t and 3?
3
Let x(l) = 3*l**2 - 3*l - 2. Let f be x(2). Let s be (15/45)/((-2)/24). Let v be -3*s/12*8. What is the greatest common factor of f and v?
4
Suppose -2*v = -3*v + 71. Let z = v - 58. What is the greatest common divisor of z and 117?
13
Let j be (44/6)/((-17)/(-255)). Calculate the highest common factor of 66 and j.
22
Suppose 12*x = 11*x + 43. Suppose 0 = -r - 5*w + 40, 4*r = 3*w + x + 48. Let q be 3/(-1)*-2 - 1. What is the greatest common divisor of q and r?
5
Suppose 32 = -0*p - 4*p. Let y be (-4)/p - 105/(-6). Calculate the greatest common divisor of 45 and y.
9
Let q(b) = b + 5. Let v be q(8). Let n be 24/6 + 2*165. Let u = n + -230. Calculate the highest common factor of u and v.
13
Suppose -25 = -2*c - 3. Suppose w = -7 + c. What is the greatest common divisor of w and 36?
4
Suppose 0 = 279*m - 309*m + 1440. Calculate the greatest common factor of m and 444.
12
Let x = -16 - -10. Let b be x/(-21) + 108/14. Let m be (-120)/10*(-6)/b. What is the highest common factor of 3 and m?
3
Let z = -49 - -38. Let y = 23 + z. What is the greatest common divisor of 6 and y?
6
Let k = -1618 + 1708. What is the greatest common factor of k and 570?
30
Let i(l) = 6*l - 3*l**2 - l**3 - 9*l**2 + 9*l - 17 - 3*l. Let u be i(-13). Let v be u/(-6) + (-37)/(-3). Calculate the highest common factor of v and 52.
13
Let h = -100 + 143. Let q = -28 + h. What is the greatest common divisor of 105 and q?
15
Let p = 49 + -8. Calculate the highest common divisor of 328 and p.
41
Let n(u) = u**3 + 7*u**2 - 5*u + 9. Let b be n(3). What is the highest common divisor of 144 and b?
12
Let b(a) = -47*a - 170. Let m be b(-4). Suppose 3*f = -3*u + 384, 5*f - 3*u - 312 - 312 = 0. What is the greatest common divisor of m and f?
18
Suppose -4*s + 39 = -s + 3*x, 2*s = -x + 28. Let k = 87 + -12. What is the greatest common divisor of s and k?
15
Let z = 98 + 63. Calculate the greatest common factor of 92 and z.
23
Suppose -39*l + 38 + 1054 = 0. What is the highest common factor of l and 28?
28
Suppose i + 3*i - 5*t = 39, -4*i - 5*t = -9. Let b be (-4 + 7)*8/i. Suppose 3*m - 2*m - 1 = 0. What is the greatest common factor of b and m?
1
Let o(i) = 8*i**2 + 26*i + 11. Let s be o(-4). What is the greatest common divisor of s and 35?
35
Let m(b) = -b**2 - b + 1. Let x(y) = -6*y**2 - 4*y + 2. Let l(a) = 5*m(a) - x(a). Let o be l(-3). What is the highest common factor of 30 and o?
15
Let k(g) = -g**2 - 31*g + 53. Let z be k(-32). Calculate the highest common factor of 105 and z.
21
Let p(j) = j**3 + 7*j**2 + 4. Let g be p(-7). Suppose o - 5 = g. Let n(v) = v**2 - 7*v - 7. Let s be n(o). What is the highest common factor of s and 77?
11
Suppose -f = 3*f - 8. Suppose -2*l = y - 36, y - 3*y = -f*l - 54. Let d = y - 3. What is the greatest common divisor of d and 9?
9
Let w be (-6)/15 - (-64)/10. Let u(v) = -v**2 - 7*v + 132. Let h be u(8). Calculate the greatest common factor of h and w.
6
Suppose 3*j - a = 14, -42*a + 20 = 4*j - 43*a. Let i be (3/(-2))/(-1)*6. Calculate the greatest common factor of j and i.
3
Let l be -6 - ((-30)/(-2))/(-5). Let h be -2 - (-4 + 100)/l. Let v be (15 + -14)*(h - 1). What is the greatest common factor of 319 and v?
29
Let u be (-10)/(1 + -2 - -3). Let f be 4/(u/(195/(-6)))*1. What is the greatest common divisor of 26 and f?
26
Let f(r) = -14*r + 3*r + 12*r**2 - 11*r**2 - 30. Let a be f(14). Calculate the highest common divisor of a and 28.
4
Suppose 268 - 2571 = -192*o - 137*o. Suppose -38 - 109 = -3*x. Calculate the greatest common divisor of o and x.
7
Let h(z) = -z**2 + 45*z - 374. Let l be h(15). What is the greatest common divisor of l and 1178?
38
Let x be ((-1326)/(-357))/(1/28). Suppose 78 = 3*d - 0*d. Calculate the greatest common divisor of d and x.
26
Let c(f) = 2*f**3 + 14*f**2 + 15*f + 7. Let t be c(-5). Let l be (6/9)/((-2)/(-144)). What is the greatest common factor of t and l?
16
Let c = 12 + -6. Suppose c = -g + 4*g. Suppose g*v - 7*v = -300. What is the greatest common factor of 12 and v?
12
Let f(o) = -o**3 + 7*o**2 + 7*o + 11. Let q be f(8). Let n = 62 - 64. Let y be (n + (1 - q))/(-1). What is the greatest common factor of y and 36?
4
Let u be 1/(-4) - 129/(-4). Let y be ((-1)/2)/(3/(-42)). Suppose 5*m = y*m - 16. Calculate the highest common factor of u and m.
8
Suppose 27*u - 18*u = 126. What is the highest common divisor of 54 and u?
2
Let l(z) = z - 43. Let a be l(-26). Let w = a + 159. What is the greatest common factor of 36 and w?
18
Let x = 550 + -506. What is the greatest common factor of x and 11?
11
Let i(s) = -3*s - 4*s**2 + 2 + 6 + 6*s**2 - s**2. Let m be i(7). What is the highest common divisor of 4 and m?
4
Let o be (-63764)/